28
In base 12, what is -1a8682 - 50?
-1a8712
In base 3, what is 2 - 11021202201121?
-11021202201112
In base 16, what is 43e - 2698?
-225a
In base 3, what is 1002 + 1210021010210?
1210021011212
In base 5, what is -342 + 1234400?
1234003
In base 15, what is -9 - -267aa90?
267aa86
In base 11, what is -516 + -116810?
-117226
In base 15, what is -78 - 38a26?
-38a9e
In base 3, what is -20010 + -1211101020?
-1211121100
In base 15, what is 131 + 47b47d?
47b5ae
In base 15, what is -19403 + 1d?
-193d5
In base 13, what is ab499 - -32?
ab4cb
In base 15, what is 1467 + 2535?
399c
In base 9, what is -5380844 + -135?
-5381080
In base 13, what is 4 + 2a69426?
2a6942a
In base 5, what is 2043203 - 133014?
1410134
In base 16, what is 5 + 3434d8?
3434dd
In base 6, what is -33522 - -1201?
-32321
In base 5, what is -1043 + 10430114?
10424021
In base 6, what is -1 + -14344442203?
-14344442204
In base 10, what is 14948109 - -4?
14948113
In base 3, what is -121020 + 1021001222?
1020110202
In base 13, what is 3 + 8a718a1?
8a718a4
In base 15, what is 16a2 - -3ae?
1a61
In base 9, what is 14658 + -13434?
1224
In base 14, what is 9a5cc09 - 0?
9a5cc09
In base 16, what is fd13 + 2be6?
128f9
In base 6, what is 5225 - 201442?
-152213
In base 7, what is 1206422623 - 1?
1206422622
In base 7, what is 146146 + 14630?
164106
In base 2, what is 101111101110001000101110 + -1?
101111101110001000101101
In base 14, what is 119c7 - 1a3a?
dd8b
In base 8, what is 26035540 + -207?
26035331
In base 14, what is 4 - -9755b?
97561
In base 14, what is -3a5959 - 5?
-3a5960
In base 12, what is -8599 + -1759?
-a136
In base 14, what is -163 + -108c6?
-10a49
In base 8, what is 56747 + -24771?
31756
In base 5, what is 0 - -43424040?
43424040
In base 11, what is 8235 - -86a?
8aa4
In base 4, what is -2 - -30030220213?
30030220211
In base 9, what is 1584058 - -38?
1584107
In base 12, what is 6 - -3b21285?
3b2128b
In base 8, what is -7 - -7446660?
7446651
In base 9, what is 3080024 + 5?
3080030
In base 3, what is 11122 + -101010100?
-100221201
In base 14, what is 4 + -53c87b?
-53c877
In base 6, what is -113431412 + 33?
-113431335
In base 7, what is -20 - -3314211?
3314161
In base 7, what is 5 + 15644202?
15644210
In base 8, what is 5105 + -2630?
2255
In base 16, what is 76c0669 - 2?
76c0667
In base 5, what is 2 - -1421000133?
1421000140
In base 4, what is 3 + 23210101003?
23210101012
In base 10, what is -110303874 - -3?
-110303871
In base 10, what is -3 - -32196?
32193
In base 14, what is -2 + ddda9c?
ddda9a
In base 11, what is -3826 - 27975?
-306a0
In base 5, what is -2002430120 - 0?
-2002430120
In base 10, what is -9 + -12476232?
-12476241
In base 4, what is 2 + -11312103323021?
-11312103323013
In base 16, what is a5c92 - -2?
a5c94
In base 12, what is 24a994 + -13?
24a981
In base 6, what is 10451142000 - 5?
10451141551
In base 15, what is -1030a62 + -4?
-1030a66
In base 9, what is -6574715 + -2?
-6574717
In base 13, what is 2 - 44b5c9?
-44b5c7
In base 10, what is 60 + 259874?
259934
In base 10, what is 6052 - -158?
6210
In base 8, what is 15 - 355647?
-355632
In base 16, what is 5 - 28db5b?
-28db56
In base 10, what is 1092 + -18688?
-17596
In base 4, what is 312003023 + -102010?
311301013
In base 16, what is 351bac + 121?
351ccd
In base 7, what is -214651 - -1430?
-213221
In base 12, what is a614860 - 2?
a61485a
In base 14, what is -16d + 85db?
846c
In base 16, what is -5ac - -1f88?
19dc
In base 11, what is 379a573 + -52?
379a521
In base 9, what is 18440 + 87360?
116810
In base 14, what is 1a - -8d1b3?
8d1cd
In base 16, what is -7 - -2883d?
28836
In base 5, what is -1 - 44024114004?
-44024114010
In base 10, what is 3117877 - -92?
3117969
In base 14, what is -11 - 306103d?
-3061050
In base 7, what is -4 + -653260261?
-653260265
In base 5, what is -34312324044 - 0?
-34312324044
In base 13, what is a50cc + -a8?
a5024
In base 8, what is 511 - 201066?
-200355
In base 16, what is -12 - -2cc6?
2cb4
In base 7, what is -2 + -62006505?
-62006510
In base 14, what is -6a27 + -85?
-6aac
In base 9, what is -6541 - 4255?
-11806
In base 8, what is 4736124 + -11?
4736113
In base 5, what is -11 + -113321134043?
-113321134104
In base 14, what is 1 + 7083d?
70840
In base 15, what is 15d7 - -20c3?
36aa
In base 13, what is 5c50 + 26b?
61bb
In base 5, what is 1024134 - -332343?
1412032
In base 4, what is -332112122 + 110002?
-332002120
In base 10, what is -2 + 82164855?
82164853
In base 6, what is 3251143 + -42?
3251101
In base 13, what is -1 + 35987b4?
35987b3
In base 7, what is 134214425 - 6?
134214416
In base 10, what is 454 - -16765?
17219
In base 13, what is b4b - 432aa?
-4245c
In base 8, what is 17 + 634767?
635006
In base 4, what is -3213 + -1301112?
-1310331
In base 2, what is 10000100110 - -110101010001110111?
110101100010011101
In base 11, what is -2 - 930856?
-930858
In base 2, what is -10011011101111 + -100101011101?
-11000001001100
In base 6, what is 1 - -3353154524?
3353154525
In base 10, what is -447570 + -54?
-447624
In base 2, what is -11110010010011011010111 - 100000?
-11110010010011011110111
In base 9, what is -22 - -1445567?
1445545
In base 16, what is f2bd5 + 2?
f2bd7
In base 4, what is -103331 + 300211?
130220
In base 14, what is -110 - -13b986?
13b876
In base 10, what is 5368 + 5017?
10385
In base 16, what is -371b - 1fcf?
-56ea
In base 13, what is 5 - 715b09?
-715b04
In base 15, what is 50a7de + -20?
50a7be
In base 14, what is 2623 + 3d?
2662
In base 6, what is 4 - -11432545353?
11432545401
In base 3, what is -12221100 - 120111221?
-210110021
In base 15, what is b - b4bdb?
-b4bd0
In base 5, what is -4142 + 120232?
111040
In base 16, what is -a03ae - 5?
-a03b3
In base 9, what is 358 - -500546?
501015
In base 10, what is 0 + 139044605?
139044605
In base 9, what is 3236 - 1537?
1588
In base 3, what is -11 + -11221000010212220?
-11221000010220001
In base 7, what is 1125412205 + -5?
1125412200
In base 15, what is 7ed - c0a?
-40c
In base 15, what is 303 + -169d?
-139a
In base 5, what is 333 - 1223000?
-1222112
In base 2, what is -101011101 + 10100000100000111000?
10100000011011011011
In base 13, what is 102b + -9c69?
-8c3b
In base 13, what is -37 - -7a28?
79c1
In base 11, what is -15 - 34265?
-3427a
In base 10, what is -1361946 + 2?
-1361944
In base 15, what is 36 - -1a8418?
1a844e
In base 6, what is -1012110 + 5?
-1012101
In base 16, what is -57 - -1d6e7f?
1d6e28
In base 13, what is 123103c2 - -1?
123103c3
In base 2, what is -10111010000011 + 10110011001110?
-110110101
In base 11, what is 55 - 3a8942?
-3a8898
In base 12, what is 3015 + 96?
30ab
In base 15, what is -8bb620 + 5?
-8bb61a
In base 16, what is -56 - -809bc?
80966
In base 4, what is 112013 - -113132?
231211
In base 6, what is 2151323 - -1040?
2152403
In base 15, what is 1855 - d62?
9e3
In base 9, what is -48 - -46653?
46604
In base 4, what is 23231103103 + 1?
23231103110
In base 16, what is 15d5 - -1fe5?
35ba
In base 10, what is 9 - -148959?
148968
In base 4, what is -103012332 - 30203?
-103103201
In base 13, what is -9 + 2a482?
2a476
In base 9, what is -3581 - 52646?
-56337
In base 2, what is 10 + 111111100100011011?
111111100100011101
In base 11, what is 5 + 422873?
422878
In base 7, what is 5 - -5011316?
5011324
In base 7, what is 1443 + 1444343?
1446116
In base 14, what is -7d - 14ac41?
-14acc0
In base 2, what is 10110001011001101001 + -100?
10110001011001100101
In base 16, what is -9 + -1e9df7f?
-1e9df88
In base 4, what is 320002221 - 1021?
320001200
In base 8, what is 17025 + -44775?
-25750
In base 15, what is 0 + -6ec03e?
-6ec03e
In base 14, what is -140d7 - 8d7?
-149d0
In base 12, what is -71 - -173269?
1731b8
In base 15, what is -a659803 + -1?
-a659804
In base 16, what is -93 - 110d0?
-11163
In base 4, what is 2321221 - -231300?
3213121
In base 8, what is -20176555 + -6?
-20176563
In base 12, what is 929 + -7a76?
-7149
In base 10, what is 570276 + 14?
570290
In base 11, what is 349302a3 + -2?
349302a1
In base 10, what is -618550 + 132?
-618418
In base 4, what is 1133 + -3030221311?
-3030220112
In base 6, what is 4212204 + 2524?
4215132
In base 12, what is 66b88173 - 3?
66b88170
In base 16, what is 4 - -10b8fc?
10b900
In base 3, what is 1222102100121 + 0?
1222102100121
In base 2, what is -1001110110100110110 - 111110?
-100111011010111